 base 2?
101
-27 (base 11) to base 4
-131
What is 7a (base 12) in base 3?
10111
What is 1 (base 8) in base 7?
1
31 (base 8) to base 13
1c
Convert 6 (base 8) to base 3.
20
12 (base 5) to base 9
7
Convert 2 (base 5) to base 8.
2
What is 101000 (base 2) in base 15?
2a
-b2 (base 14) to base 4
-2130
1010 (base 2) to base 12
a
-5 (base 8) to base 9
-5
What is -100001 (base 2) in base 4?
-201
246 (base 9) to base 16
cc
-1 (base 16) to base 8
-1
What is -4 (base 13) in base 12?
-4
Convert -67 (base 8) to base 11.
-50
-11020 (base 3) to base 15
-79
-104 (base 13) to base 11
-148
What is 22 (base 5) in base 9?
13
What is 10 (base 15) in base 13?
12
Convert 100000 (base 2) to base 16.
20
What is 66 (base 7) in base 8?
60
What is 1d4 (base 14) in base 10?
382
What is 0 (base 8) in base 13?
0
What is -1 (base 2) in base 4?
-1
-3 (base 8) to base 16
-3
What is 36 (base 13) in base 2?
101101
What is 1010 (base 2) in base 13?
a
1002 (base 3) to base 13
23
What is 20 (base 6) in base 11?
11
What is -236 (base 11) in base 4?
-10121
-246 (base 10) to base 9
-303
-12 (base 5) to base 16
-7
Convert -6 (base 7) to base 6.
-10
What is 3b (base 15) in base 2?
111000
Convert 11 (base 2) to base 4.
3
What is 34 (base 7) in base 8?
31
What is 13 (base 9) in base 3?
110
16 (base 7) to base 4
31
Convert -1220 (base 3) to base 8.
-63
62 (base 7) to base 6
112
-66 (base 7) to base 6
-120
What is -121 (base 3) in base 9?
-17
What is 8 (base 13) in base 6?
12
-3 (base 8) to base 11
-3
-2 (base 10) to base 8
-2
0 (base 7) to base 10
0
Convert -20 (base 8) to base 2.
-10000
Convert -3 (base 4) to base 15.
-3
-4 (base 6) to base 4
-10
Convert 51 (base 6) to base 3.
1011
What is -3 (base 12) in base 2?
-11
What is 3 (base 11) in base 8?
3
Convert 2 (base 5) to base 15.
2
1 (base 12) to base 6
1
Convert 2 (base 15) to base 13.
2
What is -5 (base 14) in base 15?
-5
-276 (base 8) to base 9
-231
3 (base 7) to base 16
3
What is 111 (base 4) in base 16?
15
Convert 4 (base 13) to base 6.
4
Convert -176 (base 8) to base 10.
-126
Convert -5 (base 14) to base 13.
-5
What is 1002 (base 4) in base 8?
102
What is -19a (base 15) in base 16?
-172
0 (base 9) to base 13
0
What is 50 (base 8) in base 2?
101000
Convert 11 (base 8) to base 13.
9
Convert 5 (base 13) to base 5.
10
3 (base 5) to base 16
3
What is 10 (base 11) in base 16?
b
What is -b7 (base 14) in base 9?
-188
Convert 1022 (base 3) to base 6.
55
25 (base 14) to base 2
100001
Convert 40 (base 8) to base 11.
2a
95 (base 12) to base 7
221
Convert -5a (base 14) to base 4.
-1100
2 (base 7) to base 10
2
Convert 11 (base 7) to base 8.
10
9 (base 15) to base 12
9
What is 1 (base 13) in base 3?
1
Convert 13 (base 5) to base 15.
8
Convert -7b (base 13) to base 14.
-74
Convert -89 (base 14) to base 13.
-94
What is -1011 (base 3) in base 4?
-133
9 (base 12) to base 4
21
What is 10001 (base 2) in base 8?
21
Convert -1020 (base 6) to base 11.
-198
What is -11 (base 5) in base 7?
-6
What is 11111 (base 2) in base 12?
27
What is -61 (base 15) in base 13?
-70
-11101 (base 4) to base 13
-1cc
What is 10 (base 8) in base 15?
8
Convert -21 (base 9) to base 4.
-103
401 (base 5) to base 10
101
Convert 6 (base 14) to base 7.
6
Convert 11 (base 3) to base 12.
4
-5 (base 12) to base 5
-10
-19 (base 14) to base 8
-27
-323 (base 4) to base 7
-113
What is 1 (base 3) in base 4?
1
What is 1a (base 15) in base 5?
100
0 (base 8) to base 11
0
What is a (base 15) in base 2?
1010
-1 (base 9) to base 14
-1
Convert -98 (base 16) to base 11.
-129
Convert -30 (base 11) to base 3.
-1020
What is 3 (base 7) in base 15?
3
Convert -51 (base 11) to base 16.
-38
-132 (base 5) to base 4
-222
Convert a9 (base 14) to base 11.
126
Convert 22 (base 3) to base 9.
8
-12 (base 14) to base 10
-16
Convert -13 (base 6) to base 8.
-11
0 (base 13) to base 12
0
-55 (base 12) to base 15
-45
What is 17 (base 14) in base 3?
210
-6 (base 15) to base 16
-6
Convert -10 (base 6) to base 3.
-20
Convert 3 (base 6) to base 3.
10
Convert -10 (base 9) to base 5.
-14
What is -102202 (base 3) in base 16?
-13d
What is 0 (base 4) in base 5?
0
101 (base 2) to base 16
5
What is -232 (base 9) in base 7?
-362
-4 (base 13) to base 3
-11
3 (base 14) to base 5
3
Convert 3 (base 9) to base 5.
3
104 (base 5) to base 10
29
What is -95 (base 11) in base 12?
-88
What is 7 (base 16) in base 2?
111
Convert -5 (base 7) to base 12.
-5
Convert 100 (base 2) to base 16.
4
-1 (base 7) to base 4
-1
What is f (base 16) in base 8?
17
3 (base 12) to base 3
10
Convert -13 (base 12) to base 6.
-23
What is 21 (base 7) in base 10?
15
Convert -553 (base 6) to base 13.
-135
What is 3 (base 13) in base 15?
3
What is 5 (base 10) in base 15?
5
What is -16 (base 9) in base 5?
-30
19 (base 10) to base 2
10011
1 (base 12) to base 7
1
What is -112 (base 5) in base 16?
-20
What is -2 (base 9) in base 12?
-2
Convert -3 (base 5) to base 10.
-3
Convert 1 (base 9) to base 16.
1
What is 11 (base 11) in base 6?
20
-1a (base 11) to base 2
-10101
What is -1 (base 2) in base 4?
-1
-343 (base 6) to base 12
-b3
Convert 20 (base 4) to base 14.
8
70 (base 12) to base 6
220
What is 94 (base 12) in base 14?
80
What is 5 (base 7) in base 12?
5
302 (base 5) to base 14
57
Convert 6 (base 12) to base 13.
6
What is -5 (base 12) in base 8?
-5
What is 22 (base 5) in base 4?
30
Convert 23 (base 9) to base 3.
210
24 (base 6) to base 14
12
4 (base 12) to base 7
4
Convert 134 (base 6) to base 8.
72
Convert -166 (base 7) to base 11.
-89
39 (base 10) to base 2
100111
What is 4 (base 6) in base 13?
4
-5 (base 11) to base 8
-5
Convert 1 (base 9) to base 11.
1
What is -25 (base 8) in base 15?
-16
What is 1 (base 3) in base 15?
1
Convert 43 (base 9) to base 14.
2b
What is -11 (base 2) in base 3?
-10
Convert 2 (base 8) to base 9.
2
What is 35 (base 6) in base 10?
23
-263 (base 7) to base 15
-98
What is -46 (base 14) in base 16?
-3e
1024 (base 5) to base 9
164
-c (base 14) to base 9
-13
Convert -4 (base 16) to base 7.
-4
What is 41 (base 10) in base 9?
45
Convert 4 (base 8) to base 11.
4
What is -9 (base 14) in base 15?
-9
What is 42 (base 16) in base 5?
231
Convert 22 (base 12) to base 13.
20
-10 (base 10) to base 5
-20
What is 242 (base 5) in base 6?
200
-3 (base 11) to base 12
-3
Convert -a1 (base 12) to base 4.
-1321
-6 (base 11) to base 3
-20
What is 19a (base 13) in base 5?
2141
-21 (base 3) to base 12
-7
What is 144 (base 5) in base 10?
49
61 (base 15) to base 11
83
-5 (base 7) to base 4
-11
20022 (base 3) to base 2
10101010
What is -1021 (base 3) in base 6?
-54
101 (base 2) to base 15
5
17 (base 11) to base 4
102
-8 (base 15) to base 4
-20
What is 0 (base 16) in base 6?
0
Convert -5 (base 7) to base 11.
-5
Convert -8 (base 12) to base 15.
-8
Convert -75 (base 14) to base 7.
-205
Convert -1 (base 4) to base 14.
-1
What is -b0 (base 13) in base 10?
-143
What is 1000 (base 2) in base 16?
8
5 (base 14) to base 10
5
-212 (base 10) to base 3
-21212
What is -2 (base 10) in base 5?
-2
What is 23 (base 14) in base 16?
1f
What is -1 (base 8) in base 12?
-1
Convert 0 (base 14) to base 12.
0
-1001 (base 2) to base 7
-12
-b (base 15) to base 4
-23
Convert e7 (base 16) to base 4.
3213
What is 3 (base 14) in base 13?
3
What is -20 (base 3) in base 16?
-6
Convert 10 (base 5) to base 4.
11
-258 (base 10) to base 3
-100120
What is -5 (base 8) in base 4?
-11
Convert 3 (base 10) to base 12.
3
11 (base 7) to base 5
13
What is -3 (base 13) in base 3?
-10
What is -2 (base 11) in base 4?
-2
What is 1 (base 6) in base 11?
1
What is 11 (base 2) in base 16?
3
Convert 15 (base 12) to base 4.
101
What is 102 (base 5) in base 9?
30
What is -2 (base 9) in base 5?
-2
1 (base 9) to base 7
1
What is -503 (base 7) in base 6?
-1052
Convert 0 (base 15) to base 10.
0
What is 8 (base 13) in base 9?
8
What is 0 (base 12) in base 14?
0
What is 104 (base 6) in base 11?
37
Convert 211 (base 3) to base 12.
1a
-1 (base 11) to base 12
-1
What is 0 (base 3) in base 13?
0
What is -10 (base 15) in base 12?
-13
-1 (base 2) to base 16
-1
What is 42 (base 15) in base 7?
116
-12201 (base 3) to base 8
-232
-9 (base 10) to base 15
-9
What is 241 (base 5) in base 16?
47
Convert 4 (base 15) to base 6.
4
Convert 39 (base 15) to base 10.
54
What is 1022 (base 3) in base 14?
27
-153 (base 8) to base 2
-1101011
What is 221 (base